f x.
2, 139
Let w(m) = -m**3 - 11*m**2 - 4*m + 76. What are the prime factors of w(-20)?
2, 3, 313
Let i(z) = -z**3 - 7*z**2 - 8*z - 1. Let w = 3 - 12. Let m be (w/6)/(1/4). List the prime factors of i(m).
11
Let g(z) = -z + 18. Let d be g(17). Let q = 118 + d. What are the prime factors of q?
7, 17
Suppose 0*x + 3*s = -2*x + 2158, 3*x - 3235 = -4*s. List the prime factors of x.
29, 37
Let r(f) = 78*f**3 + 4*f**2 - f + 1. Let w(d) = -78*d**3 - 3*d**2. Let b(g) = -2*r(g) - 3*w(g). Let a be b(1). List the prime factors of (-2 - 1) + 1 + a.
7, 11
Suppose 2 = 3*i - x + 1, -2*x - 2 = -2*i. Suppose 2*p - p - 28 = i. Suppose -z - 10 = -p. List the prime factors of z.
2, 3
Let j = 11 + -6. Let c be (-6 - -2)/((-14)/119). Let x = c + j. What are the prime factors of x?
3, 13
Suppose 235 + 6673 = 11*v. What are the prime factors of v?
2, 157
List the prime factors of (-1 - -6) + (-47)/(329/(-5712)).
821
Let b be -3 + 1/(-1 + -4 + 4). What are the prime factors of (382/b - 4)*-2?
199
Let o = 9 - 8. Let j be (0/1 - o)*2. What are the prime factors of j*(-6 + -2 + 3)?
2, 5
Let b be 4032/35 - 3/15. Suppose h - 2*a - 90 = 3*h, 0 = -4*h - a - 195. Let x = b + h. What are the prime factors of x?
5, 13
Suppose -u + 5*p = -4*u - 58, 5*u - 4*p + 72 = 0. Let m = u + 23. Suppose -m*k + 4*k + 24 = 0. List the prime factors of k.
2
Let l(y) = y**3 - 4*y**2 - y + 4. Let q be l(4). Let r be q + 1 + -2 + 3. Suppose 81 = r*k + 17. What are the prime factors of k?
2
Suppose 2*f - 4 + 2 = 0. List the prime factors of 23*(2 + f + -2).
23
Let j = 59 + -30. Let o = j - 22. List the prime factors of o.
7
List the prime factors of (15/(-90) - (-38)/12) + 1592.
5, 11, 29
Let t = 64 + 236. List the prime factors of t.
2, 3, 5
Suppose -11*b + 1615 + 2103 = 0. What are the prime factors of b?
2, 13
Suppose 2*m - 1 = 9. Let f be ((-117)/(-18))/((7/10)/7). Suppose p - w - f = -4*p, -5*p + m*w + 45 = 0. List the prime factors of p.
2, 7
Let u(x) = 3*x + 27. Let i be u(-9). Suppose s - 5*n - 191 = -0*s, -4*s - 2*n + 654 = i. List the prime factors of s.
2, 83
Let z(o) = 8*o**2 + 3*o. Let r be z(1). Let x = r + -7. Suppose -3*h = 3*c - 120, 0 = 3*h - 4*h + x*c + 20. What are the prime factors of h?
2, 3
Let t be 0/(-2)*(-6)/(-11 + -1). Suppose t = -j + x + 86, -5*j - 3*x = -10*j + 426. What are the prime factors of j?
2, 3, 7
Suppose -3*s = n + 237, -5*n + n - 913 = 5*s. Let z be (n/(-4))/(9/12). Suppose -2*p = -4*g + z, -12 = -3*g - p + 46. List the prime factors of g.
19
Let f(l) be the second derivative of 17*l**4/12 - l**3/2 - 3*l**2/2 + 24*l. List the prime factors of f(-1).
17
Suppose -23 = -4*n - 3. What are the prime factors of (-4752)/(-80) + 3/n?
2, 3, 5
Suppose 5*t = -4*l + 536, 162 + 100 = 2*l + 4*t. List the prime factors of l.
139
Let r be (1 - 0 - 4) + (-1398)/(-6). What are the prime factors of (16/20)/(4/r - 0)?
2, 23
Let w be 11 + -14 + (-6)/(-2). Suppose w = -2*m + m + 51. List the prime factors of m.
3, 17
Let q be 29 - (4 - 3)*3. Let l = q + -30. What are the prime factors of (12/l)/1 - -32?
29
Let o = 481 + -83. What are the prime factors of o?
2, 199
What are the prime factors of (10/(-55))/((-11)/236434)?
2, 977
Let o(t) = 10*t + 409. List the prime factors of o(0).
409
Let r = 57 - 57. Suppose -3*s + 3*c = -180, r = 3*s + c + 7 - 191. What are the prime factors of s?
61
Suppose 5*l + 20 = 0, -3*l - 1184 = -5*u - 7*l. Suppose 3*m - 304 = -5*f, -4*f + 4*m + u = 8*m. List the prime factors of f.
2, 31
Let q(u) = -u**3 + 4*u**2 + 5*u + 4. Let j be q(5). Let y(t) = 9*t + 2. Let h be y(2). Suppose -3*f + 90 = -j*w, f - 5*w = h - 1. List the prime factors of f.
2, 17
Let q(x) = -154*x**3 - 2*x**2 + 1. What are the prime factors of q(-1)?
3, 17
Suppose 4226 - 3920 = 3*s. What are the prime factors of s?
2, 3, 17
Let t be (-2)/((2 - 4)/4). Let d be t - (-24 - (-5 - -2)). Suppose d = u - 3*x, x + 41 = 2*u + 6. List the prime factors of u.
2
Let m be (-63)/(-2) + 20/(-40). Let w = 82 - m. What are the prime factors of w?
3, 17
Let a be (-22)/(3/3*2). Let i = 13 + a. Suppose 2*n - 49 = m, 125 = i*n + 3*n - 5*m. List the prime factors of n.
2, 3
Suppose -6*b + 9*b - 12 = 0. Suppose 5*l + 2*y - 61 = 3*y, 4*y + b = 0. What are the prime factors of l?
2, 3
Let y = -10 - -6. Let b(h) = -h**3 + 2*h - 17. Let p(u) = -u**2 - u + 2. Let k(v) = -b(v) - 6*p(v). What are the prime factors of k(y)?
3, 7
Let a = 1483 + 789. What are the prime factors of a?
2, 71
Suppose 22*f + 6097 = 29065. What are the prime factors of f?
2, 3, 29
Suppose -6*t - 3*s + 14 = -4*t, s - 2 = 0. Suppose -4*x + 2*c = -810, -9 = -c - 4. Suppose -t*b = 5 - x. What are the prime factors of b?
2, 5
Let k = 149 + -143. List the prime factors of k.
2, 3
Let j be 515/(-20) - 1/4. Let t(r) = -r**3 + 2*r**2 + r + 38. Let b be t(0). Let f = j + b. List the prime factors of f.
2, 3
Suppose -4 = -m + 4*j - 1, -m - 4*j = -3. Suppose -m*u = -11*u + 1872. What are the prime factors of u?
2, 3, 13
Let l = -86 - -362. List the prime factors of l.
2, 3, 23
Let n be 14/(-63) + (-2721)/(-54)*-2. Let d = 3 - n. List the prime factors of d.
2, 13
Let j(h) = -h**3 + 6*h**2 - h. Let w be j(6). Let u = w + 11. Suppose -5*p - u = 0, -m + 2*m + 2*p - 23 = 0. What are the prime factors of m?
5
Let f(z) = -z**3 + 3*z**2 + 4*z - 4. Let a be f(3). Suppose -8*x - a = 4*i - 4*x, x = -4. Suppose 84 = -i*w + 6*w. What are the prime factors of w?
3, 7
Let h be 1/2 - 28/(-8). Let d be (30/21)/(h/28). What are the prime factors of 2/(-10) - (-192)/d?
19
Suppose -2*c + 4*b = -5*c + 2025, -3*b = 9. What are the prime factors of c?
7, 97
Let o(i) = -6*i - 1. Let m(k) = 2. Let c(f) = -3*m(f) - o(f). Suppose -5*g = -4*v, -4*v + 3*g - g + 12 = 0. List the prime factors of c(v).
5
Suppose -5*i - 1857 = 2*b, -6*b + 2*b = 5*i + 3729. What are the prime factors of b/(-7) + 3/((-21)/(-2))?
2, 67
Suppose 5*r - 15 = 5*w + 10, -5*r = 5*w - 55. Suppose -4*f = k - 796, -5*f + r*f - 597 = 2*k. What are the prime factors of f?
199
Let k = 9 + -5. Let w(a) = -a - 2*a**2 - a + 6*a - 3 + 2*a + a**3. What are the prime factors of w(k)?
53
Let t(d) = -2*d**2 + 26*d - 7. Let h be t(7). Let j = h - -59. What are the prime factors of j?
2, 17
Let m be 4*10*76/32. Suppose 0 = q + 3*f - m, 2*q + f + 91 = 3*q. List the prime factors of q.
2, 23
Suppose -2*v - 8 = 2*q - 316, v - 2 = 0. Suppose 2*j - g - 406 = q, -574 = -2*j - 3*g. List the prime factors of j.
281
Let y(f) = -f**3 + 7*f**2 + 9*f. Let w be y(-6). What are the prime factors of ((-1)/3)/((-6)/w)?
23
Suppose 0 = 9*w - 4*w - 20. Suppose w*h + a - 17 = 0, -a + 4 = -4*h + 27. Suppose 3*x + 46 = h*x. List the prime factors of x.
23
Suppose 1900 = 4*z + j, -829 = -5*z + 5*j + 1571. List the prime factors of z.
2, 7, 17
Let o(u) = -u**3 - 9*u**2 - 8*u. Let y be o(-8). Suppose 0 = -y*r - 5*r + 220. List the prime factors of r.
2, 11
Let r = -24 + 34. Suppose 0 = r*b - 8*b - 58. What are the prime factors of b?
29
Let c be 14/5*(23 - -7). Suppose -4*x = -3*n - c, -5*x + 107 - 1 = -4*n. List the prime factors of (-483)/(-18) - (-3)/x.
3
Suppose -4*t = t + 5*m - 65, -t + 13 = 3*m. Suppose 3*k - 2 - t = 0, k - 32 = -q. Let s = q - 17. What are the prime factors of s?
2, 5
Suppose 2*l - 16 = -4*g, 5*l = -g + 3*l - 2. Suppose 29 + g = -5*v. List the prime factors of (v/(-14))/(1/12).
2, 3
Suppose 9*f = 6*f + 18. Suppose -4*d - d = -i - 8, 4*d - i - f = 0. Suppose 4*k - k = -2*w + 50, d*k - 8 = 0. List the prime factors of w.
19
Let w(j) = j**3 + 11*j**2 + j - 23. Suppose -3*l = -9*l - 42. List the prime factors of w(l).
2, 83
Suppose 0 = -3*y - y - 2*z - 288, 0 = -3*y + 4*z - 238. Let p = -2 - y. List the prime factors of p.
2, 3
Suppose 45*t - 156 = 43*t. What are the prime factors of t?
2, 3, 13
Suppose 0 = -2*r + 3*r - 5. Suppose 0 = 4*c - 5*z - 242, r*c + z + 2*z - 321 = 0. What are the prime factors of c?
3, 7
Let y be -1 - (-1690)/22 - 10/(-55). Suppose -5*z + 199 = -7*f + 4*f, 3*f + y = 2*z. List the prime factors of z.
41
Let s(w) = -w**3 - 3*w**2 + w - 3. Let x(g) = g**3 + 14*g**2 - 16*g - 20. Let f be x(-15). List the prime factors of s(f).
2, 3, 7
Suppose 0 = 3*b + 15, 4*d + 3*b + 87 = -40. Let q = d + 46. What are the prime factors of q?
2, 3
List the prime factors of ((-224)/(-140))/(2/255).
2, 3, 17
Let l(x) 